{"id":785,"date":"2014-07-12T21:35:13","date_gmt":"2014-07-12T20:35:13","guid":{"rendered":"http:\/\/alpradio.com\/fr\/?page_id=785"},"modified":"2020-01-31T23:29:23","modified_gmt":"2020-01-31T22:29:23","slug":"la-radio","status":"publish","type":"page","link":"https:\/\/alpradio.com\/fr\/la-radio\/","title":{"rendered":"La Radio"},"content":{"rendered":"<p>AlpRadio est un projet interassociatif mettant en lumi\u00e8re le talent des artistes suisses et ayant pour mission de promouvoir la culture et la sc\u00e8ne nationale. Vous \u00eates un groupe, un musicien ou un acteur de la culture suisse, votre projet nous int\u00e9resse. Faites-le nous savoir !<strong><br \/>\n<\/strong><\/p>\n<h3>Les Partenaires d&rsquo;Alpradio<\/h3>\n<p><a href=\"http:\/\/fsrc.ch\/\" target=\"_blank\" rel=\"noopener noreferrer\"><img loading=\"lazy\" decoding=\"async\" class=\"alignleft wp-image-814 size-full\" src=\"https:\/\/alpradio.com\/fr\/fsrc.jpg\" alt=\"Print\" width=\"200\" height=\"200\" \/><\/a><a href=\"http:\/\/www.vibration108.ch\/\" target=\"_blank\" rel=\"noopener noreferrer\"><img loading=\"lazy\" decoding=\"async\" class=\"alignleft wp-image-815 size-full\" src=\"https:\/\/alpradio.com\/fr\/vibration108.jpg\" alt=\"logo_vibration2012\" width=\"200\" height=\"200\" \/><\/a><a href=\"https:\/\/stjeanrock.com\/\"><img loading=\"lazy\" decoding=\"async\" class=\"alignnone size-full wp-image-6801\" src=\"https:\/\/alpradio.com\/fr\/stjeanrock.jpg\" alt=\"\" width=\"200\" height=\"200\" \/><\/a> <img loading=\"lazy\" decoding=\"async\" class=\"alignnone size-full wp-image-4860\" src=\"https:\/\/alpradio.com\/fr\/fullybouge.jpg\" alt=\"\" width=\"200\" height=\"200\" \/><\/p>\n<p><a href=\"http:\/\/www.afm-vevey.com\"><img loading=\"lazy\" decoding=\"async\" class=\"alignnone wp-image-4300 size-full\" src=\"https:\/\/alpradio.com\/fr\/afm.jpg\" alt=\"logoAFM\" width=\"200\" height=\"200\" \/><\/a><a href=\"http:\/\/www.zikamart.ch\"><img loading=\"lazy\" decoding=\"async\" class=\"alignnone size-full wp-image-6805\" src=\"https:\/\/alpradio.com\/fr\/zikamart.jpg\" alt=\"\" width=\"200\" height=\"200\" \/><\/a><a href=\"http:\/\/www.bourask.ch\/2015\/\"><img loading=\"lazy\" decoding=\"async\" class=\"alignleft size-full wp-image-2970\" src=\"https:\/\/alpradio.com\/fr\/bourask.jpg\" alt=\"logo_bourask\" width=\"200\" height=\"200\" \/><\/a><\/p>\n","protected":false},"excerpt":{"rendered":"<p>Alpradio, d&eacute;couvrez les artistes valaisans et les artistes Suisses d\u2019hier et d\u2019aujourd\u2019hui<\/p>\n","protected":false},"author":1,"featured_media":0,"parent":0,"menu_order":0,"comment_status":"open","ping_status":"closed","template":"","meta":{"footnotes":""},"class_list":["post-785","page","type-page","status-publish","hentry"],"_links":{"self":[{"href":"https:\/\/alpradio.com\/fr\/wp-json\/wp\/v2\/pages\/785","targetHints":{"allow":["GET"]}}],"collection":[{"href":"https:\/\/alpradio.com\/fr\/wp-json\/wp\/v2\/pages"}],"about":[{"href":"https:\/\/alpradio.com\/fr\/wp-json\/wp\/v2\/types\/page"}],"author":[{"embeddable":true,"href":"https:\/\/alpradio.com\/fr\/wp-json\/wp\/v2\/users\/1"}],"replies":[{"embeddable":true,"href":"https:\/\/alpradio.com\/fr\/wp-json\/wp\/v2\/comments?post=785"}],"version-history":[{"count":30,"href":"https:\/\/alpradio.com\/fr\/wp-json\/wp\/v2\/pages\/785\/revisions"}],"predecessor-version":[{"id":9496,"href":"https:\/\/alpradio.com\/fr\/wp-json\/wp\/v2\/pages\/785\/revisions\/9496"}],"wp:attachment":[{"href":"https:\/\/alpradio.com\/fr\/wp-json\/wp\/v2\/media?parent=785"}],"curies":[{"name":"wp","href":"https:\/\/api.w.org\/{rel}","templated":true}]}}

<p>AlpRadio est un projet interassociatif mettant en lumière le talent des artistes suisses et ayant pour mission de promouvoir la culture et la scène nationale. Vous êtes un groupe, un musicien ou un acteur de la culture suisse, votre projet nous intéresse. Faites-le nous savoir !<strong><br />
</strong></p>
<h3>Les Partenaires d&rsquo;Alpradio</h3>
<p><a href="http://fsrc.ch/" target="_blank" rel="noopener noreferrer"><img loading="lazy" decoding="async" class="alignleft wp-image-814 size-full" src="https://alpradio.com/fr/fsrc.jpg" alt="Print" width="200" height="200" /></a><a href="http://www.vibration108.ch/" target="_blank" rel="noopener noreferrer"><img loading="lazy" decoding="async" class="alignleft wp-image-815 size-full" src="https://alpradio.com/fr/vibration108.jpg" alt="logo_vibration2012" width="200" height="200" /></a><a href="https://stjeanrock.com/"><img loading="lazy" decoding="async" class="alignnone size-full wp-image-6801" src="https://alpradio.com/fr/stjeanrock.jpg" alt="" width="200" height="200" /></a> <img loading="lazy" decoding="async" class="alignnone size-full wp-image-4860" src="https://alpradio.com/fr/fullybouge.jpg" alt="" width="200" height="200" /></p>
<p><a href="http://www.afm-vevey.com"><img loading="lazy" decoding="async" class="alignnone wp-image-4300 size-full" src="https://alpradio.com/fr/afm.jpg" alt="logoAFM" width="200" height="200" /></a><a href="http://www.zikamart.ch"><img loading="lazy" decoding="async" class="alignnone size-full wp-image-6805" src="https://alpradio.com/fr/zikamart.jpg" alt="" width="200" height="200" /></a><a href="http://www.bourask.ch/2015/"><img loading="lazy" decoding="async" class="alignleft size-full wp-image-2970" src="https://alpradio.com/fr/bourask.jpg" alt="logo_bourask" width="200" height="200" /></a></p>
